256?
3
What is the hundred millions digit of 1602026686?
6
What is the thousands digit of 39939419?
9
What is the tens digit of 28403251?
5
What is the hundred thousands digit of 450700902?
7
What is the millions digit of 145120917?
5
What is the ten millions digit of 155263768?
5
What is the millions digit of 124972394?
4
What is the ten thousands digit of 1125320912?
2
What is the ten thousands digit of 252411918?
1
What is the tens digit of 155145685?
8
What is the units digit of 268041437?
7
What is the tens digit of 1431859994?
9
What is the thousands digit of 4348723835?
3
What is the millions digit of 1155497272?
5
What is the thousands digit of 33729548?
9
What is the units digit of 67704445?
5
What is the ten thousands digit of 3191138660?
3
What is the hundreds digit of 123117158?
1
What is the ten thousands digit of 507884780?
8
What is the units digit of 44671116?
6
What is the millions digit of 1029052501?
9
What is the hundreds digit of 113312448?
4
What is the hundred thousands digit of 25771443?
7
What is the units digit of 31584812?
2
What is the thousands digit of 375184762?
4
What is the thousands digit of 5513266325?
6
What is the ten thousands digit of 2238551285?
5
What is the millions digit of 647237602?
7
What is the units digit of 208175789?
9
What is the ten millions digit of 6211404108?
1
What is the hundred thousands digit of 87057617?
0
What is the millions digit of 20485161?
0
What is the ten thousands digit of 680313902?
1
What is the hundreds digit of 210225735?
7
What is the ten millions digit of 100794921?
0
What is the tens digit of 62708233?
3
What is the hundred thousands digit of 1857154884?
1
What is the hundred thousands digit of 114315898?
3
What is the tens digit of 853275233?
3
What is the hundreds digit of 148396698?
6
What is the ten thousands digit of 540291524?
9
What is the hundred thousands digit of 74629008?
6
What is the tens digit of 1617564784?
8
What is the thousands digit of 193063536?
3
What is the tens digit of 162877339?
3
What is the hundred thousands digit of 1881983293?
9
What is the millions digit of 93206167?
3
What is the thousands digit of 98331715?
1
What is the tens digit of 1827097921?
2
What is the tens digit of 45096837?
3
What is the tens digit of 1560529625?
2
What is the millions digit of 238220534?
8
What is the thousands digit of 1275717000?
7
What is the ten millions digit of 98867422?
9
What is the ten millions digit of 617196018?
1
What is the hundreds digit of 26298114?
1
What is the hundreds digit of 94293728?
7
What is the hundred millions digit of 274145930?
2
What is the hundreds digit of 95865505?
5
What is the units digit of 144569862?
2
What is the thousands digit of 574188065?
8
What is the ten millions digit of 44026624?
4
What is the units digit of 74789986?
6
What is the hundred thousands digit of 10986941?
9
What is the hundred millions digit of 2701426982?
7
What is the hundred thousands digit of 49795847?
7
What is the tens digit of 156071801?
0
What is the millions digit of 47599319?
7
What is the ten millions digit of 116385894?
1
What is the hundreds digit of 188487008?
0
What is the units digit of 289163582?
2
What is the ten thousands digit of 1839956469?
5
What is the ten thousands digit of 106620950?
2
What is the tens digit of 1013859434?
3
What is the hundreds digit of 188826082?
0
What is the units digit of 1181067138?
8
What is the ten thousands digit of 1607531229?
3
What is the ten millions digit of 94407742?
9
What is the units digit of 3918213059?
9
What is the hundred millions digit of 2119066707?
1
What is the thousands digit of 3184347292?
7
What is the hundred millions digit of 2903144203?
9
What is the billions digit of 1080538271?
1
What is the units digit of 234114534?
4
What is the tens digit of 443087958?
5
What is the ten thousands digit of 93741322?
4
What is the ten millions digit of 2237594748?
3
What is the ten millions digit of 10829359?
1
What is the thousands digit of 179964981?
4
What is the ten millions digit of 2789335864?
8
What is the hundred millions digit of 359952586?
3
What is the ten millions digit of 2299223460?
9
What is the tens digit of 25631220?
2
What is the tens digit of 13448775?
7
What is the hundred thousands digit of 1841078006?
0
What is the tens digit of 1794422927?
2
What is the thousands digit of 33896492?
6
What is the ten millions digit of 3006342509?
0
What is the ten millions digit of 43106636?
4
What is the hundreds digit of 1351647149?
1
What is the hundred thousands digit of 8985028809?
0
What is the ten millions digit of 81726631?
8
What is the hundred thousands digit of 184439645?
4
What is the tens digit of 306679429?
2
What is the hundreds digit of 154408976?
9
What is the tens digit of 502429374?
7
What is the thousands digit of 2586724232?
4
What is the hundreds digit of 578816297?
2
What is the hundreds digit of 377139160?
1
What is the units digit of 285363211?
1
What is the tens digit of 1676942458?
5
What is the ten millions digit of 807654316?
0
What is the thousands digit of 3996241141?
1
What is the tens digit of 1187972?
7
What is the hundred millions digit of 132830866?
1
What is the millions digit of 942368322?
2
What is the hundred thousands digit of 80742943?
7
What is the hundreds digit of 748779727?
7
What is the tens digit of 295256429?
2
What is the ten millions digit of 728766181?
2
What is the billions digit of 4286118342?
4
What is the ten millions digit of 1459837609?
5
What is the ten thousands digit of 1532268981?
6
What is the units digit of 51201925?
5
What is the millions digit of 571923872?
1
What is the millions digit of 3454478572?
4
What is the ten thousands digit of 1835897961?
9
What is the ten millions digit of 29705634?
2
What is the thousands digit of 4043379556?
9
What is the units digit of 12765023?
3
What is the millions digit of 41725649?
1
What is the ten thousands digit of 11623287?
2
What is the thousands digit of 7462992444?
2
What is the hundreds digit of 259898519?
5
What is the hundred millions digit of 1733206877?
7
What is the hundred thousands digit of 39699822?
6
What is the ten thousands digit of 51746482?
4
What is the units digit of 61617689?
9
What is the hundred thousands digit of 5956042764?
0
What is the tens digit of 913180000?
0
What is the millions digit of 149069775?
9
What is the thousands digit of 4065604?
5
What is the hundred thousands digit of 27524587?
5
What is the hundred thousands digit of 152156113?
1
What is the tens digit of 520305878?
7
What is the hundred thousands digit of 1925943030?
9
What is the thousands digit of 3105775526?
5
What is the hundreds digit of 219372992?
9
What is the tens digit of 31043233?
3
What is the hundreds digit of 493252997?
9
What is the hundred thousands digit of 107304562?
3
What is the hundred millions digit of 367259759?
3
What is the ten millions digit of 2974098347?
7
What is the tens digit of 430606917?
1
What is the ten thousands digit of 80752370?
5
What is the tens digit of 911861477?
7
What is the millions digit of 2218540220?
8
What is the ten millions digit of 2453608606?
5
What is the thousands digit of 950064209?
4
What is the millions digit of 3211289219?
1
What is the hundred thousands digit of 2127242565?
2
What is the hundreds digit of 1097268324?
3
What is the units digit of 67396201?
1
What is the tens digit of 2768298978?
7
What is the ten thousands digit of 1928141545?
4
What is the thousands digit of 104052048?
2
What is the hundreds digit of 149554730?
7
What is the hundred millions digit of 582373343?
5
What is the units digit of 50425395?
5
What is the tens digit of 598285213?
1
What is the hundred thousands digit of 95883552?
8
What is the billions digit of 1473711435?
1
What is the ten millions digit of 60427971?
6
What is the thousands digit of 14833843?
3
What is the ten millions digit of 2020973624?
2
What is the units digit of 4394174371?
1
What is the ten thousands digit of 41929331?
2
What is the hundred thousands digit of 67808977?
8
What is the ten thousands digit of 608539229?
3
What is the ten thousands digit of 1034015075?
1
What is the hundreds digit of 71202470?
4
What is the millions digit of 118522002?
8
What is the ten thousands digit